{"id":2,"date":"2006-12-29T22:49:22","date_gmt":"2006-12-29T21:49:22","guid":{"rendered":""},"modified":"2007-08-02T19:10:53","modified_gmt":"2007-08-02T17:10:53","slug":"about","status":"publish","type":"page","link":"http:\/\/bozcow.com\/?page_id=2","title":{"rendered":"Om"},"content":{"rendered":"<p>b\u00f6rjade med dagbok p\u00e5 n\u00e4tet n\u00e5n g\u00e5ng runt &#8217;98, sen stannade det av i n\u00e5gra \u00e5r.. nytt f\u00f6rs\u00f6k nu att f\u00f6rs\u00f6ka plita ner vad jag pysslar med s\u00e5 att jag minns n\u00e5got av vad jag gjort senare i livet.<\/p>\n<p>helt irrelevant information kommer att f\u00f6rmedlas via dessa sidor, allt fr\u00e5n kontemplerade kring programmering, burkar, hockey, sm\u00e5barn o l\u00f6ptr\u00e4ning. husrenovering ej att f\u00f6rgl\u00f6mma.<\/p>\n<p>Har p\u00e5b\u00f6rjat importen men det g\u00e5r lite l\u00e5ngsamt :D<\/p>\n<p>css&#8217;n \u00e4r hj\u00e4lpligt fixad s\u00e5 att det ser bra ut i de flesta browsers. men jag rekommenderar <a target=\"_blank\" href=\"http:\/\/www.firefoxii.com\/se\/index.html\">eldr\u00e4ven<\/a>.<\/p>\n<p>Sitter ni p\u00e5 gammalt Amiga-junk och vill bli av med det s\u00e5 kontakta mig, tar emot det mesta :)<\/p>\n<p>kontakt : blog |kanelbulle| bozcow.com<br \/>\nhint: skippa mellanslagen<\/p>\n","protected":false},"excerpt":{"rendered":"<p>b\u00f6rjade med dagbok p\u00e5 n\u00e4tet n\u00e5n g\u00e5ng runt &#8217;98, sen stannade det av i n\u00e5gra \u00e5r.. nytt f\u00f6rs\u00f6k nu att f\u00f6rs\u00f6ka plita ner vad jag pysslar med s\u00e5 att jag minns n\u00e5got av vad jag gjort senare i livet. helt irrelevant information kommer att f\u00f6rmedlas via dessa sidor, allt fr\u00e5n kontemplerade kring programmering, burkar, hockey, [&hellip;]<\/p>\n","protected":false},"author":3,"featured_media":0,"parent":0,"menu_order":0,"comment_status":"open","ping_status":"open","template":"","meta":{"footnotes":""},"class_list":["post-2","page","type-page","status-publish","hentry"],"_links":{"self":[{"href":"http:\/\/bozcow.com\/index.php?rest_route=\/wp\/v2\/pages\/2","targetHints":{"allow":["GET"]}}],"collection":[{"href":"http:\/\/bozcow.com\/index.php?rest_route=\/wp\/v2\/pages"}],"about":[{"href":"http:\/\/bozcow.com\/index.php?rest_route=\/wp\/v2\/types\/page"}],"author":[{"embeddable":true,"href":"http:\/\/bozcow.com\/index.php?rest_route=\/wp\/v2\/users\/3"}],"replies":[{"embeddable":true,"href":"http:\/\/bozcow.com\/index.php?rest_route=%2Fwp%2Fv2%2Fcomments&post=2"}],"version-history":[{"count":0,"href":"http:\/\/bozcow.com\/index.php?rest_route=\/wp\/v2\/pages\/2\/revisions"}],"wp:attachment":[{"href":"http:\/\/bozcow.com\/index.php?rest_route=%2Fwp%2Fv2%2Fmedia&parent=2"}],"curies":[{"name":"wp","href":"https:\/\/api.w.org\/{rel}","templated":true}]}}